t is 3 (base 12) in base 11?
3
11 (base 5) to base 9
6
Convert -30 (base 12) to base 14.
-28
Convert 283 (base 10) to base 7.
553
What is -157 (base 16) in base 7?
-1000
Convert 3 (base 12) to base 5.
3
What is -1 (base 3) in base 8?
-1
What is 1 (base 16) in base 6?
1
What is 2 (base 7) in base 2?
10
Convert -6f (base 16) to base 3.
-11010
What is d9 (base 15) in base 10?
204
2211 (base 3) to base 5
301
What is -4 (base 10) in base 9?
-4
What is 0 (base 5) in base 6?
0
What is 22 (base 11) in base 6?
40
Convert 1000 (base 3) to base 9.
30
Convert 3 (base 6) to base 2.
11
What is -101 (base 2) in base 6?
-5
What is -4 (base 14) in base 7?
-4
What is -1 (base 3) in base 13?
-1
-3 (base 15) to base 5
-3
What is -1 (base 13) in base 14?
-1
What is 1100 (base 2) in base 15?
c
What is 101101 (base 2) in base 3?
1200
What is -210 (base 6) in base 2?
-1001110
338 (base 9) to base 2
100010110
10210 (base 3) to base 11
93
What is 4 (base 16) in base 7?
4
-78 (base 11) to base 9
-104
What is 118 (base 16) in base 15?
13a
Convert 2 (base 16) to base 7.
2
What is -121 (base 6) in base 8?
-61
What is -4 (base 16) in base 7?
-4
Convert 2 (base 16) to base 13.
2
What is -9 (base 10) in base 12?
-9
Convert -100 (base 2) to base 8.
-4
-2 (base 3) to base 4
-2
-3 (base 11) to base 6
-3
Convert 0 (base 9) to base 14.
0
Convert -36 (base 14) to base 4.
-300
Convert 200 (base 7) to base 16.
62
What is 10 (base 10) in base 9?
11
242 (base 8) to base 5
1122
What is 4 (base 8) in base 6?
4
201 (base 9) to base 12
117
Convert -44 (base 10) to base 12.
-38
Convert 24 (base 8) to base 9.
22
What is 5 (base 14) in base 6?
5
Convert 433 (base 9) to base 11.
2a2
143 (base 8) to base 14
71
10 (base 4) to base 9
4
What is -200 (base 6) in base 5?
-242
Convert -4 (base 10) to base 11.
-4
What is -1c3 (base 14) in base 13?
-223
-6 (base 13) to base 10
-6
-10 (base 5) to base 8
-5
What is -51 (base 9) in base 11?
-42
What is -3 (base 5) in base 13?
-3
2 (base 4) to base 15
2
What is 10222 (base 3) in base 12?
8b
-38 (base 9) to base 10
-35
Convert -28 (base 12) to base 8.
-40
What is -21 (base 8) in base 9?
-18
What is 336 (base 7) in base 6?
450
28 (base 9) to base 5
101
-4 (base 9) to base 12
-4
Convert c3 (base 14) to base 9.
210
What is -73 (base 15) in base 14?
-7a
Convert -3 (base 9) to base 16.
-3
Convert 0 (base 15) to base 10.
0
What is 1 (base 15) in base 16?
1
Convert -231 (base 5) to base 2.
-1000010
What is -46 (base 7) in base 12?
-2a
What is -3 (base 4) in base 12?
-3
-2 (base 10) to base 3
-2
2 (base 12) to base 2
10
0 (base 16) to base 10
0
-2 (base 5) to base 2
-10
Convert 12 (base 4) to base 7.
6
Convert -25 (base 11) to base 2.
-11011
Convert 131 (base 12) to base 2.
10110101
3 (base 8) to base 10
3
71 (base 9) to base 4
1000
Convert 5 (base 7) to base 5.
10
Convert -101 (base 2) to base 8.
-5
-9 (base 13) to base 7
-12
Convert 0 (base 7) to base 4.
0
Convert 2 (base 3) to base 13.
2
What is -60 (base 9) in base 2?
-110110
53 (base 16) to base 6
215
What is 8 (base 16) in base 14?
8
Convert -2021 (base 3) to base 16.
-3d
What is 11 (base 2) in base 11?
3
Convert -110 (base 2) to base 4.
-12
Convert 103 (base 4) to base 8.
23
-1222 (base 3) to base 2
-110101
-1100 (base 2) to base 6
-20
6 (base 15) to base 16
6
Convert 3311 (base 4) to base 14.
137
3 (base 15) to base 11
3
Convert -11 (base 11) to base 3.
-110
Convert -24 (base 5) to base 13.
-11
-40 (base 7) to base 12
-24
Convert -1 (base 15) to base 14.
-1
-1 (base 5) to base 12
-1
-181 (base 9) to base 12
-10a
What is 105 (base 10) in base 8?
151
What is 5 (base 7) in base 12?
5
100 (base 2) to base 9
4
8a (base 11) to base 10
98
-1d (base 15) to base 5
-103
What is 200 (base 4) in base 15?
22
-4 (base 6) to base 8
-4
What is 1013 (base 5) in base 11?
111
Convert 98 (base 10) to base 9.
118
11001 (base 2) to base 16
19
What is 4 (base 14) in base 11?
4
Convert -2 (base 10) to base 11.
-2
Convert 0 (base 10) to base 12.
0
What is -1304 (base 5) in base 10?
-204
11 (base 8) to base 10
9
Convert -3 (base 7) to base 16.
-3
What is 1301 (base 4) in base 11?
a3
-5 (base 10) to base 9
-5
Convert -212 (base 5) to base 12.
-49
Convert -1233 (base 5) to base 7.
-364
-16 (base 9) to base 10
-15
Convert -2220 (base 3) to base 10.
-78
What is 13 (base 4) in base 8?
7
Convert 176 (base 8) to base 16.
7e
Convert 3 (base 7) to base 5.
3
Convert 0 (base 13) to base 7.
0
Convert 143 (base 7) to base 12.
68
What is -23 (base 5) in base 7?
-16
What is 7 (base 16) in base 14?
7
Convert -110 (base 2) to base 8.
-6
What is 3 (base 11) in base 10?
3
What is 82 (base 13) in base 9?
127
1123 (base 4) to base 9
111
Convert 21 (base 7) to base 13.
12
2 (base 13) to base 16
2
19 (base 10) to base 3
201
-10 (base 4) to base 16
-4
e (base 15) to base 5
24
12 (base 8) to base 12
a
What is 0 (base 14) in base 13?
0
What is 45 (base 15) in base 11?
5a
Convert -4 (base 11) to base 8.
-4
0 (base 13) to base 5
0
-48 (base 12) to base 11
-51
What is 1111 (base 2) in base 16?
f
-21 (base 5) to base 9
-12
212 (base 5) to base 13
45
What is 1 (base 11) in base 12?
1
Convert 92 (base 10) to base 15.
62
Convert -1011 (base 2) to base 9.
-12
Convert -255 (base 6) to base 4.
-1223
What is -3 (base 5) in base 14?
-3
Convert -3 (base 4) to base 14.
-3
Convert -6 (base 8) to base 16.
-6
What is 13 (base 16) in base 9?
21
Convert -11 (base 6) to base 8.
-7
What is 9b (base 12) in base 16?
77
d4 (base 14) to base 4
2322
What is -a5 (base 15) in base 14?
-b1
Convert 5 (base 11) to base 5.
10
Convert 3 (base 10) to base 9.
3
Convert 4 (base 8) to base 13.
4
What is 11 (base 4) in base 15?
5
What is -1041 (base 5) in base 3?
-12102
Convert 11 (base 13) to base 14.
10
Convert 41 (base 10) to base 6.
105
What is 3 (base 7) in base 8?
3
What is 358 (base 9) in base 8?
450
Convert -111 (base 6) to base 13.
-34
-21 (base 12) to base 14
-1b
What is -3123 (base 4) in base 11?
-18a
What is 7 (base 16) in base 8?
7
-31 (base 10) to base 2
-11111
What is c (base 14) in base 3?
110
-1 (base 9) to base 14
-1
-27 (base 12) to base 4
-133
Convert 2001 (base 3) to base 10.
55
-20 (base 9) to base 13
-15
What is -5 (base 12) in base 6?
-5
What is -13 (base 4) in base 8?
-7
Convert -26 (base 7) to base 3.
-202
What is 1 (base 14) in base 2?
1
Convert -5 (base 7) to base 9.
-5
What is 14 (base 11) in base 7?
21
a (base 11) to base 3
101
25 (base 15) to base 13
29
100100 (base 2) to base 14
28
Convert 7 (base 8) to base 16.
7
8e (base 15) to base 4
2012
Convert -20120 (base 3) to base 8.
-261
Convert -221 (base 4) to base 15.
-2b
Convert 1 (base 10) to base 5.
1
What is -1b (base 15) in base 10?
-26
What is -155 (base 6) in base 8?
-107
-1 (base 7) to base 13
-1
What is 20 (base 11) in base 16?
16
Convert -14 (base 5) to base 4.
-21
-4 (base 6) to base 15
-4
Convert 11 (base 14) to base 6.
23
What is 13 (base 15) in base 3?
200
Convert -12 (base 5) to base 8.
-7
Convert -10 (base 2) to base 8.
-2
Convert -1b0 (base 12) to base 15.
-136
-5 (base 8) to base 2
-101
Convert -2c (base 14) to base 13.
-31
Convert 6 (base 13) to base 9.
6
1 (base 11) to base 14
1
-10 (base 13) to base 2
-1101
What is -3 (base 10) in base 9?
-3
What is 32 (base 9) in base 3?
1002
What is -86 (base 12) in base 3?
-10210
b (base 15) to base 10
11
What is -4 (base 8) in base 10?
-4
0 (base 10) to base 16
0
Convert 102 (base 6) to base 16.
26
What is -12 (base 13) in base 10?
-15
Convert -20 (base 13) to base 14.
-1c
What is -53 (base 9) in base 10?
-48
Convert 11020 (base 3) to base 12.
96
Convert 17 (base 11) to base 7.
24
What is 22 (base 5) in base 10?
12
Convert -168 (base 11) to base 5.
-1240
Convert -2 (base 3) to base 8.
-2
65 (base 8) to base 4
311
-75 (base 8) to base 11
-56
Convert c (base 16) to base 13.
c
-111 (base 2) to base 9
-7
Convert -87 (base 11) to base 12.
-7b
What is -1 (base 7) in base 4?
-1
Convert -123 (base 4) to base 14.
-1d
What is 24 (base 7) in base 5?
33
0 (base 12) to base 7
0
What is -190 (base 10) in base 11?
-163
Convert 3 (base 8) to base 5.
3
-2 (base 6) to base 8
-2
-1 (base 3) to base 7
-1
What is 240 (base 7) in base 6?
330
1331 (base 4) to base 2
1111101
What is 10 (base 2) in base 6?
2
-5 (base 11) to base 8
-5
Convert 2 (base 14) to base 9.
2
Convert -1 (b